lculate the remainder when ((-2)/(-3))/(c/702) is divided by 14.
11
Let q(p) = -p**3 + 3*p**2 + 4*p - 2. What is the remainder when q(-2) is divided by 3?
1
Suppose -12*d + 7*d = -120. Calculate the remainder when 91 is divided by d.
19
Calculate the remainder when 143 is divided by (3 + -2 - -1) + 27.
27
Suppose 4*z + z = 55. Suppose 0*h + h - 21 = 0. What is the remainder when h is divided by z?
10
Suppose 0 = 2*k - 3*k. Let m = k - -2. Suppose -a = m*a - 201. Calculate the remainder when a is divided by 23.
21
Let q be 10/15*(-261)/(-2). Let m = q + -28. Calculate the remainder when m is divided by 20.
19
Let d = -1 + 7. Suppose -22*n = -13*n - 207. Calculate the remainder when n is divided by d.
5
Let g(m) = -24*m - 1. Let t be -1*1 - (-5 + 5). Let l be g(t). Let s = -15 + l. What is the remainder when 15 is divided by s?
7
Suppose 0 = 45*a - 48*a + 84. Calculate the remainder when 50 is divided by a.
22
Let y(u) = 7*u**2 - 2*u + 1. What is the remainder when ((-392)/70)/((-2)/10) is divided by y(1)?
4
Let v = -14 - -10. What is the remainder when 10/((0 - v) + -2) is divided by 2?
1
Suppose -5*v = -21 - 14. What is the remainder when 19 is divided by v?
5
Let h be 20/(-6)*(-9)/5. Suppose 0*u = -u + h. Suppose -u*q + 2*q = -44. Calculate the remainder when 19 is divided by q.
8
Suppose 5*y + 52 = n, 3*y = -4*n + 2*y + 103. Calculate the remainder when n is divided by 7.
6
Suppose -h + 0*h - 5*p = -18, -2*p + 21 = 5*h. Suppose 0 = -h*c - 19 + 88. What is the remainder when 68 is divided by c?
22
Suppose -q + 0 + 3 = 0. Suppose -80 = -c - q*c. Calculate the remainder when c is divided by 7.
6
Let h(k) = 8*k**2 + 3*k + 6. Calculate the remainder when h(-3) is divided by 14.
13
Let u = -23 - -27. What is the remainder when 13 is divided by u?
1
Suppose -14*g + 11*g - 232 = -5*c, 136 = 3*c - g. What is the remainder when 129 is divided by c?
41
Let m(s) = -2*s - 8*s + 2*s. Let w(q) = q**3 - 9*q**2 + 11*q - 10. Calculate the remainder when m(-5) is divided by w(8).
12
Let g(f) = f - 1. Let z be g(4). What is the remainder when 42 is divided by (-1 - (z + -16)) + 3?
12
Let z(b) = 6*b - 7. Let s(c) = -c + 6. Let k be s(-9). What is the remainder when z(6) is divided by 6*(-4)/((-24)/k)?
14
Let f be 9/(-12) - 30/(-8). Suppose k + f*j = -20 + 7, 2*j + 9 = -k. Let o = k - -4. What is the remainder when o is divided by 2?
1
Let h = -175 + 292. Suppose 0 = -4*x - 7*x + 22. Suppose 0 = -m - 3*m - w + h, -x*w = -10. Calculate the remainder when m is divided by 10.
8
Suppose 51*s = 48*s + 159. What is the remainder when s is divided by 16?
5
Suppose 4*s = -0*s + 60. Calculate the remainder when 28 is divided by s.
13
What is the remainder when 3/(-4)*(-2 - 44 - 6) is divided by 20?
19
Let p(m) = 3*m**3 - 1. Let s be p(-1). Let k = s - -8. Calculate the remainder when 6 is divided by k.
2
Let f be (1*(-1 + 2))/(-1). Let b = 29 + f. Calculate the remainder when b is divided by 10.
8
Let i(x) = 5*x - 17. Calculate the remainder when 36 is divided by i(6).
10
Suppose -q + 9 = -16. Suppose -3*n = -2*d - 8*n - 31, -n = 2*d + 27. Let p = q + d. Calculate the remainder when p is divided by 7.
5
Let u be (-5)/10 + 2/4. Suppose -3*c - c + 72 = u. Calculate the remainder when 50 is divided by c.
14
Suppose b - 117 = 41. Suppose 6*l = 5*f + 4*l - b, -2*l = 2*f - 52. Calculate the remainder when f is divided by 16.
14
Let w(s) = -2*s**3 + 3*s**2. Let l be w(2). Let v = -2 - l. Suppose -q + v*q = 8. Calculate the remainder when 15 is divided by q.
7
Suppose -2*h = -3*h + 2. What is the remainder when 208/6 + (-4)/6 is divided by h - (-11 + 3)*2?
16
Let q = -215 + 221. Suppose 0 = y - 2*w - 18, -5*w + 68 = 5*y - 7. What is the remainder when y is divided by q?
4
Let m be ((-15)/5)/((-1)/7). Suppose -4*c + m + 31 = 0. Suppose d = -0*d + c. Calculate the remainder when 25 is divided by d.
12
Let k be (96 - (-6)/(-3)) + 4. Suppose -4*h = -k - 2. Calculate the remainder when 48 is divided by h.
23
What is the remainder when (1 - (-16)/(-4)) + 57 is divided by 14?
12
Suppose -f - 5*w + 8 = 0, 3*w - 5 = -f + w. Suppose f*t + 8 = p - 4, -2*p = -5*t - 21. Calculate the remainder when 11 is divided by p.
2
What is the remainder when 8/3*69 - (-4 + 1) is divided by 27?
25
Let n(s) = -11*s + 23. What is the remainder when n(-2) is divided by 12?
9
Let v(i) = -i**3 - i - 2. Let c be v(0). Suppose -5*j - 7 = -2. Calculate the remainder when 25 is divided by j/(19/(-9) - c).
7
Let r(c) = -1 - c - 3*c - 2. What is the remainder when 7 is divided by r(-2)?
2
Let o(v) = v**3 - 4*v**2 + 3*v - 9. Suppose 9*d + 16 = 13*d. Let q(c) = c**3 + 6*c**2 - 2*c - 2. Calculate the remainder when q(-6) is divided by o(d).
1
Suppose -5*s + 6*s = 23. What is the remainder when s is divided by 12?
11
Suppose -2*i + 3 = -7. Let m be (-6)/(-10) - (-87)/5. Suppose -3*d = -0*d + 5*v - m, -i*v = -15. Calculate the remainder when 1 is divided by d.
0
Let w(v) = 0*v**3 + 4*v**3 + 10 - 7*v + 6*v**2 - 3*v**3. Let g be w(-7). Let q = g + 14. What is the remainder when q is divided by 13?
11
Let i(j) = 16*j**2. Let h(z) = 11*z + 3. Let l(t) = -5*t**3 - t**2 - t - 1. Let m be l(-1). What is the remainder when h(m) is divided by i(-1)?
15
Let h(y) = 17*y**3 + 2*y**2 + y - 1. Calculate the remainder when h(2) is divided by 49.
47
Let y = 78 + 62. Suppose 3*b = -r + y, 4*b - 2*r - 201 = -31. What is the remainder when b is divided by 16?
13
Suppose -5*b + 6 = -2*b. Let m be (b/(-4))/(2/20). Let o(v) = -v + 2. What is the remainder when 19 is divided by o(m)?
5
Suppose -6 - 9 = 5*k. Let g = 3 - k. What is the remainder when 22 is divided by g?
4
Let l(b) = -b - 14. Let d(q) = -1. Let f(x) = 10*d(x) - 2*l(x). Let h = -2 + 5. What is the remainder when h is divided by f(-8)?
1
Suppose 2*r = 4*r + 16. Let d = 1 - r. What is the remainder when 25 is divided by d?
7
Calculate the remainder when (-6)/2 + (122 - 2) is divided by 40.
37
Let y(m) = 3*m**2 - 2*m + 1. Let r be y(1). Let f(l) = 3*l**3 - l + 1. Calculate the remainder when f(r) is divided by 8.
7
Suppose 40 = 5*g - 0*g. What is the remainder when 18 is divided by g?
2
Let o be 4/(3 - -1)*199. Suppose -5*x + 5*i = -150, -39 = 4*x + 4*i - o. What is the remainder when x is divided by 18?
17
Suppose 4*l - 4 = 3*l. Suppose m + l*m - 155 = 0. Suppose 3*b - m = -2*r, -33 + 13 = -r + 3*b. What is the remainder when r is divided by 5?
2
Let l(s) = s + 12. Let g(i) = i - 2. Let w be g(2). What is the remainder when 45 is divided by l(w)?
9
Let n be 5*(-3 - (-78)/10). Let j = -1 + n. What is the remainder when j is divided by 13?
10
Suppose -4*b = -7*b + 36. Let i be 1/(-2) + 90/4. Suppose -c + i = -b. What is the remainder when c is divided by 9?
7
Let o = -53 - -57. Calculate the remainder when 7 is divided by o.
3
Calculate the remainder when 31/((5 + -6)/(-2)) is divided by 21.
20
Let l(n) = 10*n**2 - 1. Let v = -811 + 831. Calculate the remainder when l(2) is divided by v.
19
Suppose 4*c - 19 - 5 = 3*m, -m - 19 = -5*c. Calculate the remainder when 14 is divided by c.
2
Let c = 0 - -4. Calculate the remainder when 11 is divided by (2/c)/((-6)/(-36)).
2
Let m(r) = -r + 4. What is the remainder when m(-2) is divided by 4?
2
Let o = -21 + 25. Calculate the remainder when 15 is divided by o.
3
Suppose 2*p - p - 6 = -x, -19 = x - 4*p. Let y be -1*12/2*x. Let n = y + 15. Calculate the remainder when 15 is divided by n.
6
Suppose -4*y + 1 = -11. Let k = 16 - 9. Calculate the remainder when k is divided by y.
1
Let b(p) = p**3 + 19*p**2 + p + 39. Calculate the remainder when b(-19) is divided by 7.
6
What is the remainder when 31/1*(-1)/(-1) is divided by ((-66)/(-12))/((-3)/(-6))?
9
Let m = 137 - 122. What is the remainder when 55 is divided by m?
10
Let u(l) = -l - 1. Let i be u(7). Let q = -4 - i. Let t(s) = -2*s + 17. What is the remainder when t(5) is divided by q?
3
Let a = 24 - -4. Suppose -68 = -5*v + 3*h, -4*v - 5*h + 19 = -a. Let x = -11 + 35. Calculate the remainder when x is divided by v.
11
What is the remainder when 35 is divided by -6*(36/(-8) + 3)?
8
Let a = -152 - -286. Suppose 30 - a = -4*f. Calculate the remainder when f is divided by 9.
8
Let b = 1 + 12. What is the remainder when 4/(-14) - 1778/(-49) is divided by b?
10
Let g(o) = o**2 - 6*o + 12. Calcu